me factors of 512869220?
2, 5, 1667, 15383
What are the prime factors of 261896721?
3, 87298907
What are the prime factors of 362629817?
11, 32966347
List the prime factors of 5972349438.
2, 3, 11, 73, 413197
What are the prime factors of 132372533?
43, 3078431
List the prime factors of 419514184.
2, 3833, 13681
List the prime factors of 2432949127.
7, 769, 64567
What are the prime factors of 23246724?
2, 3, 1937227
What are the prime factors of 19068286?
2, 19, 31, 16187
What are the prime factors of 47030283?
3, 5225587
What are the prime factors of 6481955432?
2, 17, 1429, 33353
List the prime factors of 283894023.
3, 7, 53, 255071
List the prime factors of 630452936.
2, 6101, 12917
List the prime factors of 913984205.
5, 53, 3448997
List the prime factors of 400404377.
167, 2397631
What are the prime factors of 3367126941?
3, 53, 1229, 17231
What are the prime factors of 657100199?
7, 19, 797, 6199
What are the prime factors of 7846003620?
2, 3, 5, 7, 13, 478999
List the prime factors of 35063366.
2, 13, 97, 13903
List the prime factors of 85145391.
3, 3153533
List the prime factors of 99979893.
3, 13, 21911
What are the prime factors of 479603052?
2, 3, 109, 131, 311
List the prime factors of 53978649.
3, 4201, 4283
What are the prime factors of 6231074994?
2, 3, 11953, 28961
List the prime factors of 1004023025.
5, 23, 1746127
List the prime factors of 27281822.
2, 13640911
List the prime factors of 219307765.
5, 809, 54217
List the prime factors of 314049279.
3, 17, 227, 27127
List the prime factors of 152310653.
11, 13846423
List the prime factors of 26015661.
3, 7, 17, 2699
List the prime factors of 1164522455.
5, 1213, 192007
What are the prime factors of 361452627?
3, 40161403
List the prime factors of 116098381.
7, 16585483
List the prime factors of 58909455.
3, 5, 11, 31, 349
List the prime factors of 45390828.
2, 3, 7, 540367
What are the prime factors of 7283586555?
3, 5, 7, 31, 109, 2281
List the prime factors of 5139764744.
2, 642470593
List the prime factors of 5301112329.
3, 17, 34647793
List the prime factors of 49184516.
2, 12296129
List the prime factors of 45518946.
2, 3, 11, 19, 36299
List the prime factors of 178346956.
2, 37, 1205047
List the prime factors of 154345157.
23, 6710659
What are the prime factors of 2245606768?
2, 31, 151, 29983
What are the prime factors of 7666554?
2, 3, 7, 182537
What are the prime factors of 46833207?
3, 181, 86249
What are the prime factors of 98145870?
2, 3, 5, 47, 1481
What are the prime factors of 55570662?
2, 3, 7, 31, 41, 347
List the prime factors of 1415744590.
2, 5, 13, 211, 51613
What are the prime factors of 285466299?
3, 83, 101, 11351
List the prime factors of 22441016.
2, 13, 151, 1429
List the prime factors of 16067634.
2, 3, 11, 137, 1777
List the prime factors of 4058614257.
3, 1352871419
What are the prime factors of 1793238424?
2, 23, 9745861
List the prime factors of 201312944.
2, 7, 1797437
List the prime factors of 363912100.
2, 5, 31, 89, 1319
List the prime factors of 234109801.
23, 10178687
What are the prime factors of 113862375?
3, 5, 11, 3067
List the prime factors of 785925397.
643, 1222279
What are the prime factors of 148401458?
2, 74200729
What are the prime factors of 15407960?
2, 5, 385199
List the prime factors of 195306842.
2, 97653421
List the prime factors of 2063581343.
2063581343
List the prime factors of 2189024238.
2, 3, 19, 83, 231349
List the prime factors of 179544625.
5, 13, 313, 353
List the prime factors of 2151259228.
2, 89, 1123, 5381
What are the prime factors of 41287135?
5, 17, 485731
What are the prime factors of 58512286?
2, 7, 19, 219971
What are the prime factors of 1265927427?
3, 46886201
What are the prime factors of 1228312024?
2, 211, 727673
What are the prime factors of 2112756014?
2, 1056378007
List the prime factors of 4833277008.
2, 3, 7, 14384753
List the prime factors of 124984227.
3, 41661409
List the prime factors of 1075458295.
5, 1109, 193951
What are the prime factors of 565959389?
29, 71, 274871
List the prime factors of 73677964.
2, 239, 77069
List the prime factors of 159384199.
13, 12260323
List the prime factors of 2290325536.
2, 71572673
What are the prime factors of 79461584?
2, 47, 105667
List the prime factors of 1134547006.
2, 47, 421, 28669
List the prime factors of 7117737.
3, 11, 215689
What are the prime factors of 726148419?
3, 89, 313, 8689
What are the prime factors of 113853131?
7, 17, 956749
List the prime factors of 218888651.
17, 12875803
What are the prime factors of 8976169227?
3, 2992056409
List the prime factors of 195453768.
2, 3, 8143907
What are the prime factors of 1165668339?
3, 11, 5303, 6661
What are the prime factors of 65709202?
2, 13, 2527277
What are the prime factors of 48232232?
2, 6029029
List the prime factors of 835318.
2, 11, 43, 883
What are the prime factors of 412363349?
73, 223, 347
What are the prime factors of 76009258?
2, 13, 2923433
What are the prime factors of 865533603?
3, 11, 26228291
What are the prime factors of 3642599146?
2, 17, 107135269
What are the prime factors of 8305861432?
2, 11, 47, 157, 12791
What are the prime factors of 178883246?
2, 41, 2181503
List the prime factors of 117989639.
17, 19, 365293
What are the prime factors of 145749000?
2, 3, 5, 19, 2557
List the prime factors of 3006259073.
17, 47, 719, 5233
What are the prime factors of 141712393?
19, 101, 73847
List the prime factors of 676231721.
11, 37, 1661503
List the prime factors of 1362953297.
23, 59258839
What are the prime factors of 54204593?
37, 1109, 1321
What are the prime factors of 621690007?
607, 647, 1583
What are the prime factors of 293780637?
3, 32642293
What are the prime factors of 373672009?
373672009
What are the prime factors of 1520453048?
2, 523, 363397
What are the prime factors of 41020719?
3, 31, 197, 2239
What are the prime factors of 649252316?
2, 137, 1184767
List the prime factors of 32481642.
2, 3, 73, 74159
List the prime factors of 501010669.
501010669
List the prime factors of 3871669212.
2, 3, 23, 1558643
What are the prime factors of 2736008?
2, 11, 31091
List the prime factors of 1798083916.
2, 271, 1658749
What are the prime factors of 121460487?
3, 283, 143063
List the prime factors of 79278033.
3, 23, 1148957
List the prime factors of 19134828.
2, 3, 43, 47, 263
What are the prime factors of 877937123?
7, 19, 6601031
List the prime factors of 324841199.
324841199
What are the prime factors of 4761652007?
7, 163, 1471, 2837
List the prime factors of 777432670.
2, 5, 7, 103, 107827
What are the prime factors of 284780868?
2, 3, 23731739
List the prime factors of 136243044.
2, 3, 7, 29, 103, 181
What are the prime factors of 279816352?
2, 8744261
List the prime factors of 46728632.
2, 37, 157867
What are the prime factors of 2571465508?
2, 13477, 47701
What are the prime factors of 875517404?
2, 218879351
What are the prime factors of 88721951?
449, 197599
List the prime factors of 3363205284.
2, 3, 29, 509, 6329
List the prime factors of 319033771.
7, 45576253
List the prime factors of 54293459.
11, 101, 48869
What are the prime factors of 77971806?
2, 3, 11, 393797
List the prime factors of 173036314.
2, 11, 23, 569, 601
List the prime factors of 54459504.
2, 3, 11, 34381
What are the prime factors of 1707060098?
2, 59, 14466611
What are the prime factors of 2058894823?
2058894823
What are the prime factors of 3865602592?
2, 19, 59, 107761
List the prime factors of 20820250.
2, 5, 11, 67, 113
List the prime factors of 1108904669.
353, 3141373
What are the prime factors of 44918244?
2, 3, 7, 178247
List the prime factors of 3809942.
2, 1904971
List the prime factors of 206712619.
31, 6668149
List the prime factors of 189568287.
3, 977, 21559
List the prime factors of 4893084509.
43, 223, 11867
List the prime factors of 6831516494.
2, 11, 28229407
List the prime factors of 164623755.
3, 5, 79, 138923
What are the prime factors of 495900047?
17, 661, 44131
What are the prime factors of 111431455?
5, 2953, 7547
List the prime factors of 419166081.
3, 37, 509, 2473
What are the prime factors of 76569411?
3, 17, 19, 31, 2549
What are the prime factors of 56886029?
17, 3346237
What are the prime factors of 186692604?
2, 3, 7, 29, 173, 443
List the prime 